{"id":222,"date":"2020-12-08T08:10:05","date_gmt":"2020-12-08T08:10:05","guid":{"rendered":"http:\/\/77.240.19.21\/~tamperee\/?page_id=222"},"modified":"2022-05-18T08:37:44","modified_gmt":"2022-05-18T05:37:44","slug":"seuran-saannot","status":"publish","type":"page","link":"http:\/\/www.tampereenjudo.net\/vanha\/seuran-saannot\/","title":{"rendered":"Seuran s\u00e4\u00e4nn\u00f6t"},"content":{"rendered":"\n<div class=\"wp-block-themeisle-blocks-advanced-columns has-1-columns has-desktop-equal-layout has-tablet-equal-layout has-mobile-equal-layout has-default-gap has-vertical-unset\" id=\"wp-block-themeisle-blocks-advanced-columns-9b51caad\"><div class=\"wp-block-themeisle-blocks-advanced-columns-overlay\"><\/div><div class=\"innerblocks-wrap\">\n<div class=\"wp-block-themeisle-blocks-advanced-column\" id=\"wp-block-themeisle-blocks-advanced-column-e4586789\">\n<p><strong>TOIMINTAS\u00c4\u00c4NN\u00d6T<\/strong><\/p>\n\n\n\n<p><strong>1 \u00a7 Nimi, kotipaikka, perustamisaika<\/strong><\/p>\n\n\n\n<p>Yhdistyksen nimi on Tampereen Judo ry. Yhdistyksen kotipaikka on Tampere. Yhdistys on perustettu 9.12.1994. Yhdistyksest\u00e4k\u00e4ytet\u00e4\u00e4n n\u00e4iss\u00e4 s\u00e4\u00e4nn\u00f6iss\u00e4 nimityst\u00e4 seura. Seuran toiminta-alueena on Pirkanmaa.<\/p>\n\n\n\n<p><strong>2 \u00a7 Seuran tarkoitus<\/strong><\/p>\n\n\n\n<p>Seuran tarkoituksena on edist\u00e4\u00e4 liikuntaa ja urheilua sek\u00e4 niihin liittyv\u00e4 kansalaistoimintaa seuran toiminta-alueella siten, ett\u00e4 kaikilla on mahdollisuus harrastaa ja osallistua kunto- ja terveysliikuntaan, kilpa- ja huippu-urheiluun tai n\u00e4ihin liittyv\u00e4\u00e4n yhdistystoimintaan edellytystens\u00e4 ja tarpeidensa mukaisesti.<\/p>\n\n\n\n<p><strong>3 \u00a7 Tarkoituksen toteuttaminen<\/strong><\/p>\n\n\n\n<p><strong>Tarkoitustaan seura toteuttaa:<\/strong><\/p>\n\n\n\n<p>1 Tarjoamalla:<\/p>\n\n\n\n<ul><li>kunto- ja terveysliikuntatoimintaa<\/li><li>kilpaurheilua<\/li><li>ohjaus-, harjoitus- ja valmennustoimintaa<\/li><li>tiedotus- ja suhdetoimintaa<\/li><li>koulutustoimintaa<\/li><\/ul>\n\n\n\n<p>2 Vaikuttamalla laaja-alaisesti liikunta-, urheilu- ja yhdistysasioihin omalla alueellaan.<\/p>\n\n\n\n<p>3 Harjoittamalla julkaisutoimintaa<\/p>\n\n\n\n<p>Toimintansa tukemiseksi seura voi:<\/p>\n\n\n\n<ul><li>ottaa vastaan avustuksia, lahjoituksia ja testamentteja, omistaa toimintaansa varten tarpeellisia irtainta ja kiinte\u00e4\u00e4 omaisuutta sek\u00e4 hankkia varoja j\u00e4rjest\u00e4en huvi- ja tanssitilaisuuksia, tavaran- tai rahanker\u00e4yksi\u00e4 ja arpajaisia sek\u00e4 bingotoimintaa<\/li><li>harjoittaa v\u00e4litt\u00f6m\u00e4sti tarkoituksensa toteuttamiseen liittyv\u00e4\u00e4 tai taloudellisesti v\u00e4h\u00e4arvoista elinkeinotoimintaa<\/li><\/ul>\n\n\n\n<p><strong>4 \u00a7 Seuran j\u00e4senyys muissa yhdistyksiss\u00e4<\/strong><\/p>\n\n\n\n<p>Seuran j\u00e4senyyksist\u00e4 muissa yhdistyksiss\u00e4 p\u00e4\u00e4tt\u00e4\u00e4 yhdistyksen kokous.<\/p>\n\n\n\n<p>Seura ja seuran j\u00e4senet sitoutuvat noudattamaan niiden j\u00e4rjest\u00f6jen s\u00e4\u00e4nt\u00f6j\u00e4, joiden j\u00e4senen\u00e4 seura on.<\/p>\n\n\n\n<p><strong>5 \u00a7 Seuran j\u00e4senet<\/strong><\/p>\n\n\n\n<p>Seuran j\u00e4seneksi voi liitty\u00e4 henkil\u00f6, joka maksaa seuran vuosittaisen j\u00e4senmaksun ja sitoutuu noudattamaan seuran s\u00e4\u00e4nt\u00f6j\u00e4 ja p\u00e4\u00e4t\u00f6ksi\u00e4.<\/p>\n\n\n\n<p>Seuran varsinaiseksi j\u00e4seneksi voi liitty\u00e4 18 vuotta t\u00e4ytt\u00e4nyt henkil\u00f6. Seuran juniorij\u00e4seneksi voi liitty\u00e4 alle 18-vuotias henkil\u00f6 huoltajansa suostumuksella. Seuran muksuj\u00e4seneksi voi liitty\u00e4 alle 7-vuotias henkil\u00f6 huoltajansa suostumuksella.<\/p>\n\n\n\n<p>Kunniaj\u00e4seneksi voi seuran kokous kutsua johtokunnan esityksest\u00e4 henkil\u00f6n, joka on eritt\u00e4in merkitt\u00e4v\u00e4sti edist\u00e4nyt seuran toimintaa. Kunniaj\u00e4senen arvo on elinik\u00e4inen.<\/p>\n\n\n\n<p>Kunniapuheenjohtajaksi voi seuran kokous kutsua seuran puheenjohtajana ansiokkaasti toimineen henkil\u00f6n. Kunniapuheenjohtajan arvo on elinik\u00e4inen.<\/p>\n\n\n\n<p>Kannattajaj\u00e4seneksi voi seuran johtokunta hyv\u00e4ksy\u00e4 henkil\u00f6n tai oikeuskelpoisen yhteis\u00f6n, joka tukee seuran toimintaa suorittamalla vuotuisen tai kertakaikkisen kannattajaj\u00e4senmaksun.<\/p>\n\n\n\n<p><strong>6 \u00a7<\/strong> Seura ja seuran j\u00e4senet sitoutuvat urheilun oikeusturvalautakunnan toimivaltaan ja sitoutuvat noudattamaan lautakunnan p\u00e4\u00e4t\u00f6ksi\u00e4.<\/p>\n\n\n\n<p><strong>7 \u00a7 Seurasta eroaminen<\/strong><\/p>\n\n\n\n<p>J\u00e4senell\u00e4 on oikeus erota seurasta ilmoittamalla siit\u00e4 kirjallisesti johtokunnalle tai sen puheenjohtajalle taikka ilmoittamalla erosta seuran kokouksessa p\u00f6yt\u00e4kirjaan merkitsemist\u00e4 varten. Ero katsotaan tapahtuneeksi heti, kun ilmoitus on tehty, mutta eroava j\u00e4sen on velvollinen suorittamaan maksunsa sek\u00e4 muut n\u00e4iden s\u00e4\u00e4nt\u00f6jen edellytt\u00e4m\u00e4t velvoitteet kuluvan kalenterivuoden loppuun asti.<\/p>\n\n\n\n<p><strong>8 \u00a7 J\u00e4senen erottaminen maksamattoman j\u00e4senmaksun johdosta<\/strong><\/p>\n\n\n\n<p>J\u00e4sen katsotaan eronneeksi, jos h\u00e4n on j\u00e4tt\u00e4nyt kuusi kuukautta sitten er\u00e4\u00e4ntyneen j\u00e4senmaksun maksamatta.<\/p>\n\n\n\n<p><strong>9 \u00a7 J\u00e4senen erottaminen ja muut kurinpitotoimet<\/strong><\/p>\n\n\n\n<p>Seuran j\u00e4sen sitoutuu noudattamaan:<\/p>\n\n\n\n<ul><li>seuran s\u00e4\u00e4nt\u00f6j\u00e4 tai niiden nojalla annettuja muita m\u00e4\u00e4r\u00e4yksi\u00e4 ja p\u00e4\u00e4t\u00f6ksi\u00e4<\/li><li>niiden j\u00e4rjest\u00f6jen, joiden j\u00e4sen seura on, s\u00e4\u00e4nt\u00f6j\u00e4 tai niiden nojalla annettuja muita m\u00e4\u00e4r\u00e4yksi\u00e4 ja p\u00e4\u00e4t\u00f6ksi\u00e4<\/li><li>urheilun eettisi\u00e4 periaatteita<\/li><li>kulloinkin voimassa olevaa kansainv\u00e4list\u00e4 ja kansallista antidopings\u00e4\u00e4nn\u00f6st\u00f6\u00e4 ja kansainv\u00e4lisen lajiliiton antidopings\u00e4\u00e4nn\u00f6st\u00f6j\u00e4 sek\u00e4 kansainv\u00e4lisen olympiakomitean antidopings\u00e4\u00e4nn\u00f6st\u00f6j\u00e4<\/li><li>kilpailutulosten ja -tapahtumien manipuloinnin kieltoa koskevia s\u00e4\u00e4nn\u00f6st\u00f6j\u00e4<\/li><\/ul>\n\n\n\n<p>Rangaista voidaan seuran j\u00e4sent\u00e4 tai sit\u00e4 joka on seuran toiminnassa mukana ja joka on kirjallisesti sitoutunut n\u00e4ihin s\u00e4\u00e4nt\u00f6ihin.<\/p>\n\n\n\n<p>Rangaistavaa on:<\/p>\n\n\n\n<ul><li>toimiminen tavalla, jonka tunnusmerkit t\u00e4ytt\u00e4\u00e4 yhdistyslaissa mainitut erottamisperusteet<\/li><li>n\u00e4iden s\u00e4\u00e4nt\u00f6jen tai niiden nojalla annettujen muiden m\u00e4\u00e4r\u00e4ysten ja p\u00e4\u00e4t\u00f6sten vastainen toiminta<\/li><li>niiden j\u00e4rjest\u00f6jen, joiden j\u00e4senen\u00e4 seura on, s\u00e4\u00e4nt\u00f6jen tai niiden nojalla annettujen muiden m\u00e4\u00e4r\u00e4ysten ja p\u00e4\u00e4t\u00f6sten vastainen toiminta<\/li><li>syyllistyminen doping-rikkomukseen<\/li><li>toimiminen seuran tarkoitusta vastaan<\/li><li>seuran maineen vahingoittaminen seuran toiminnassa tai sen ulkopuolella<\/li><li>liikunnan ja urheilun eettisten periaatteiden rikkominen<\/li><li>syyllistyminen rikokseen seuran toiminnassa tai sen ulkopuolella, jos rikoksesta on tuomittu ehdolliseen tai ehdottomaan vankeusrangaistukseen<\/li><\/ul>\n\n\n\n<p>Liikunnan ja urheilun eettisten periaatteiden rikkomista ovat:<\/p>\n\n\n\n<ul><li>huumeiden ja dopingaineiden k\u00e4ytt\u00f6 tai k\u00e4yt\u00f6n edist\u00e4minen<\/li><li>julkinen h\u00e4iritsev\u00e4 esiintyminen alkoholintai huumausaineiden vaikutuksen alaisena seuran toiminnassa tai sen ulkopuolella<\/li><li>tupakan ja tupakkatuotteiden k\u00e4yt\u00f6n yhdist\u00e4minen urheilutilanteisiin<\/li><li>ep\u00e4asiallinen k\u00e4ytt\u00e4ytyminen kilpailu- ja harjoitustilanteessa<\/li><li>v\u00e4kivalta, t\u00f6rke\u00e4 kielenk\u00e4ytt\u00f6 ja ep\u00e4asiallinen arvostelu<\/li><li>urheiluhuijaus, kuten kilpailutilan tai -v\u00e4lineiden manipulointi<\/li><li>kilpailutulosten ja -tapahtumien manipulointi tai niiden yritys<\/li><li>vedonly\u00f6nti omasta kilpailusta joko itse tai edustajan kautta<\/li><li>lainvastainen mainonta<\/li><li>seksuaalinen ja sukupuoleen perustuva h\u00e4irint\u00e4 kaikissa muodoissaan riippumatta siit\u00e4 seuraako teosta rikosoikeudellinen rangaistus<\/li><li>rasistinen k\u00e4yt\u00f6s seurassa tai sen ulkopuolella<\/li><li>lahjonta<\/li><\/ul>\n\n\n\n<p>Rangaistuksena voidaan m\u00e4\u00e4r\u00e4t\u00e4 varoitus, j\u00e4senoikeuksien m\u00e4\u00e4r\u00e4aikainen rajoittaminen, ottelukielto, toimintakielto seuran toiminnasta tai erottaminen seurasta.<\/p>\n\n\n\n<p>Johtokunta p\u00e4\u00e4tt\u00e4 erottamisesta ja muista kurinpitotoimista ja niiden yhteydess\u00e4 annettavista rangaistuksista. Asianosaista on aina kuultava ennen p\u00e4\u00e4t\u00f6ksen tekemist\u00e4.<\/p>\n\n\n\n<p>Seuran kokous voi johtokunnan esityksest\u00e4 p\u00e4\u00e4tt\u00e4\u00e4 kurinpitovallan siirt\u00e4misest\u00e4 erilliselle kurinpitoelimelle ja hyv\u00e4ksy\u00e4 t\u00e4lle elimelle oman johtos\u00e4\u00e4nn\u00f6n.<\/p>\n\n\n\n<p>Erottamis- ja kurinpitop\u00e4\u00e4t\u00f6s tulee voimaan heti ja sen katsotaan tulleen asianomaisen tietoon viisi p\u00e4iv\u00e4\u00e4 sen j\u00e4lkeen, kun p\u00e4\u00e4t\u00f6s on l\u00e4hetetty sille kirjatussa kirjeess\u00e4. P\u00e4\u00e4t\u00f6s voidaan antaa todisteellisesti tiedoksi my\u00f6s muulla tavalla, jolloin p\u00e4\u00e4t\u00f6s on tullut tietoon tiedoksiantohetkell\u00e4.<\/p>\n\n\n\n<p>Erotetulla ja kurinpitop\u00e4\u00e4t\u00f6ksen kohteella ei ole oikeutta vaatia takaisin seuralle suorittamiaan maksuja.<\/p>\n\n\n\n<p>Dopingrikkomukset ja seuran j\u00e4senelle niist\u00e4 m\u00e4\u00e4r\u00e4tt\u00e4v\u00e4t seuraamukset on m\u00e4\u00e4r\u00e4tty edell\u00e4 mainituissa antidopings\u00e4\u00e4nn\u00f6st\u00f6iss\u00e4.<\/p>\n\n\n\n<p>Mik\u00e4li lajiliiton tai muun kattoj\u00e4rjest\u00f6n s\u00e4\u00e4nt\u00f6j\u00e4 ja m\u00e4\u00e4r\u00e4yksi\u00e4 ep\u00e4ill\u00e4\u00e4n rikotun, on n\u00e4ill\u00e4 j\u00e4rjest\u00f6ill\u00e4 ensisijainen kurinpitovalta. Seuran tulee ottaa huomioon n\u00e4iden j\u00e4rjest\u00f6jen kurinpitop\u00e4\u00e4t\u00f6kset omassa kurinpitomenettelyss\u00e4\u00e4n.<\/p>\n\n\n\n<p><strong>10 \u00a7 Liittymis- ja j\u00e4senmaksut<\/strong><\/p>\n\n\n\n<p>Varsinaisilta j\u00e4senilt\u00e4, juniorij\u00e4senilt\u00e4 ja muksuj\u00e4senilt\u00e4 kannettavien liittymis- ja j\u00e4senmaksujen sek\u00e4 kannattajaj\u00e4senmaksujen suuruudesta p\u00e4\u00e4tt\u00e4\u00e4 vuosittain seuran syyskokous. Kunniaj\u00e4senilt\u00e4 ja kunniapuheenjohtajalta ei perit\u00e4 maksuja.<\/p>\n\n\n\n<p>Liittymis- ja j\u00e4senmaksut voivat olla erisuuruisia eri j\u00e4senryhmiss\u00e4.<\/p>\n\n\n\n<p><strong>11 \u00a7 Seuran varsinaiset ja ylim\u00e4\u00e4r\u00e4iset kokoukset<\/strong><\/p>\n\n\n\n<p>Seura pit\u00e4\u00e4 vuosittain kaksi varsinaista kokousta, joista kev\u00e4tkokous pidet\u00e4\u00e4n helmi-huhtikuussa ja syyskokous loka-joulukuussa. Kokouksen paikan ja tarkemman ajan m\u00e4\u00e4r\u00e4\u00e4 johtokunta.<\/p>\n\n\n\n<p>Kutsu varsinaiseen ja ylim\u00e4\u00e4r\u00e4iseen seuran kokoukseen on julkaistava v\u00e4hint\u00e4\u00e4n 14 p\u00e4iv\u00e4\u00e4 ennen kokousta seuran internetsivuilla tai l\u00e4hett\u00e4m\u00e4ll\u00e4 kokouskutsu j\u00e4senen ilmoittamaan s\u00e4hk\u00f6postiosoitteeseen.<\/p>\n\n\n\n<p>Seuran kokoukseen voidaan osallistua johtokunnan tai seuran kokouksen niin p\u00e4\u00e4tt\u00e4ess\u00e4 my\u00f6s postitse taikka tietoliikenneyhteyden tai muun teknisen apuv\u00e4lineen avulla kokouksen aikana tai ennen kokousta. \u00c4\u00e4nestystilannetta varten et\u00e4yhteyden avulla kokoukseen osallistuvien on ennen kokouksen alkua ilmoitettava puhelinnumero, jonka kautta antavat \u00e4\u00e4nens\u00e4.<\/p>\n\n\n\n<p><strong>12 \u00a7 Kev\u00e4t- ja syyskokous<\/strong><\/p>\n\n\n\n<p><strong>Kev\u00e4tkokouksen asiat<\/strong><\/p>\n\n\n\n<p>1 Avataan kokous<\/p>\n\n\n\n<p>2 Valitaan kokoukselle<\/p>\n\n\n\n<div class=\"wp-block-group\"><div class=\"wp-block-group__inner-container\">\n<p>a) puheenjohtaja<\/p>\n\n\n\n<p>b) sihteeri<\/p>\n\n\n\n<p>c) kaksi p\u00f6yt\u00e4kirjan tarkastajaa<\/p>\n\n\n\n<p>d) \u00e4\u00e4ntenlaskijat<\/p>\n<\/div><\/div>\n\n\n\n<p>3 Todetaan l\u00e4sn\u00e4olevat \u00e4\u00e4nioikeutetut j\u00e4senet<\/p>\n\n\n\n<p>4 Todetaan kokouksen laillisuus ja p\u00e4\u00e4t\u00f6svaltaisuus<\/p>\n\n\n\n<p>5 Esitet\u00e4\u00e4n johtokunnan laatima vuosikertomus ja tilinp\u00e4\u00e4t\u00f6s sek\u00e4 tilintarkastajien antama lausunto tai toiminnantarkastajan antama toiminnantarkastuskertomus<\/p>\n\n\n\n<p>6 P\u00e4\u00e4tet\u00e4\u00e4n tilinp\u00e4\u00e4t\u00f6ksen vahvistamisesta ja vastuuvapauden my\u00f6nt\u00e4misest\u00e4 johtokunnalle ja muille vastuuvelvollisille<\/p>\n\n\n\n<p>7 K\u00e4sitell\u00e4\u00e4n muut kokouskutsussa mainitut asiat<\/p>\n\n\n\n<p>8 P\u00e4\u00e4tet\u00e4\u00e4n kokous<\/p>\n\n\n\n<p><strong>Syyskokouksen asiat<\/strong><\/p>\n\n\n\n<p>1 Avataan kokous<\/p>\n\n\n\n<p>2 Valitaan kokoukselle<\/p>\n\n\n\n<p>a) puheenjohtaja<\/p>\n\n\n\n<p>b) sihteeri<\/p>\n\n\n\n<p>c) kaksi p\u00f6yt\u00e4kirjan tarkastajaa<\/p>\n\n\n\n<p>d) \u00e4\u00e4ntenlaskijat<\/p>\n\n\n\n<p>3 Todetaan l\u00e4sn\u00e4olevat \u00e4\u00e4nioikeutetut j\u00e4senet<\/p>\n\n\n\n<p>4 Todetaan kokouksen laillisuus ja p\u00e4\u00e4t\u00f6svaltaisuus<\/p>\n\n\n\n<p>5 P\u00e4\u00e4tet\u00e4\u00e4n toimikuntien perustamisesta seuraavalle toimintakaudelle<\/p>\n\n\n\n<p>6 P\u00e4\u00e4tet\u00e4\u00e4n tarvittaessa seuran j\u00e4senyydest\u00e4 muissa j\u00e4rjest\u00f6iss\u00e4 ja yhteis\u00f6iss\u00e4<\/p>\n\n\n\n<p>7 Vahvistetaan liittymis-, j\u00e4sen- ja kannattajaj\u00e4senmaksujen suuruus<\/p>\n\n\n\n<p>8 Vahvistetaan toimintasuunnitelma ja talousarvio<\/p>\n\n\n\n<p>9 P\u00e4\u00e4tet\u00e4\u00e4n johtokunnan j\u00e4senten lukum\u00e4\u00e4r\u00e4 seuraavalle yhdelle (1) vuodelle<\/p>\n\n\n\n<p>10 Valitaan johtokunnan puheenjohtaja seuraavalle kahdelle (2) vuodelle<\/p>\n\n\n\n<p>11 Valitaan johtokunnan muut j\u00e4senet seuraavalle yhdelle (1) vuodelle<\/p>\n\n\n\n<p>12 Valitaan yksi tilintarkastajatai toiminnantarkastaja, ja varatilintarkastaja tai varatoiminnantarkastaja<\/p>\n\n\n\n<p>13 P\u00e4\u00e4tet\u00e4\u00e4n johtokunnan puheenjohtajan, johtokunnan j\u00e4senten, tilintarkastajan, toiminnantarkastajan, varatilintarkastajan ja varatoiminnantarkastajan palkkioista<\/p>\n\n\n\n<p>14 P\u00e4\u00e4tet\u00e4\u00e4n tarvittaessa seuran edustajista niihin j\u00e4rjest\u00f6ihin ja yhteis\u00f6ihin, joissa seura on j\u00e4senen\u00e4<\/p>\n\n\n\n<p>15 K\u00e4sitell\u00e4\u00e4n muut kokouskutsussa mainitut asiat<\/p>\n\n\n\n<p>16 P\u00e4\u00e4tet\u00e4\u00e4n kokous<\/p>\n\n\n\n<p>Asioista, joita seuran j\u00e4senet haluavat kev\u00e4t- tai syyskokouksen k\u00e4sitelt\u00e4viksi, on teht\u00e4v\u00e4 johtokunnalle kirjallinen esitys viimeist\u00e4\u00e4n 30 p\u00e4iv\u00e4\u00e4 ennen kokousta.<\/p>\n\n\n\n<p><strong>13 \u00a7 Seuran ylim\u00e4\u00e4r\u00e4inen kokous<\/strong><\/p>\n\n\n\n<p>Seuran ylim\u00e4\u00e4r\u00e4inen kokous pidet\u00e4\u00e4n silloin, kun johtokunta katsoo sen tarpeelliseksi, seuran kokous niin p\u00e4\u00e4tt\u00e4\u00e4 tai kun v\u00e4hint\u00e4\u00e4n yksi kymmenesosa seuran \u00e4\u00e4nioikeutetuista j\u00e4senist\u00e4 on jonkin m\u00e4\u00e4r\u00e4tyn asian takia tehnyt siit\u00e4 johtokunnalle kirjallisen esityksen. Ylim\u00e4\u00e4r\u00e4isen kokouksen kutsussa on mainittava asia, jonka vuoksi kokous on koolle kutsuttu.<\/p>\n\n\n\n<p>Ylim\u00e4\u00e4r\u00e4inen kokous on pidett\u00e4v\u00e4 viimeist\u00e4\u00e4n kahden kuukauden kuluessa siit\u00e4, kun j\u00e4senet ovat tehneet siit\u00e4 edell\u00e4 mainitulla tavalla esityksen.<\/p>\n\n\n\n<p><strong>14 \u00a7 P\u00f6yt\u00e4kirja<\/strong><\/p>\n\n\n\n<p>Seuran ja sen johtokunnan kokouksissa on pidett\u00e4v\u00e4 p\u00f6yt\u00e4kirjaa. Jaostojen ja toimikuntien kokouksista pidet\u00e4\u00e4n p\u00f6yt\u00e4kirjaa tai tehd\u00e4\u00e4n muistio. Seuran ja johtokunnan kokousten p\u00f6yt\u00e4kirjat ovat kokousten puheenjohtajan ja sihteerin allekirjoitettava.<\/p>\n\n\n\n<p>Johtokunnan, jaostojen ja toimikuntien p\u00f6yt\u00e4kirjat ja muistiot tarkistetaan heti tai seuraavassa kokouksessa.<\/p>\n\n\n\n<p><strong>15 \u00a7 \u00c4\u00e4nestys<\/strong><\/p>\n\n\n\n<p>Kokouksen p\u00e4\u00e4t\u00f6kseksi tulee asiakysymyksiss\u00e4 se mielipide, jota on kannattanut yli puolet annetuista \u00e4\u00e4nist\u00e4. Vaaleissa tulevat valituiksi enimm\u00e4t \u00e4\u00e4net saaneet (suhteellinen enemmist\u00f6). \u00c4\u00e4nten menness\u00e4 tasan asiakysymyksiss\u00e4 ratkaisee puheenjohtajan ilmoittama kanta ja vaaleissa arpa. Kaikissa kokouksissa suoritetaan vaadittaessa \u00e4\u00e4nestys suljettuja lippuja k\u00e4ytt\u00e4m\u00e4ll\u00e4.<\/p>\n\n\n\n<p>Jokaisella liittymismaksunsa ja kokoukseen menness\u00e4 j\u00e4senmaksunsa maksaneella varsinaisella j\u00e4senell\u00e4 ja viisitoista vuotta t\u00e4ytt\u00e4neell\u00e4 juniorij\u00e4senell\u00e4, sek\u00e4 kunniaj\u00e4senell\u00e4 ja kunniapuheenjohtajalla on yksi \u00e4\u00e4ni. Kannattajaj\u00e4senill\u00e4 ei ole \u00e4\u00e4nioikeutta. Valtakirjalla ei saa \u00e4\u00e4nest\u00e4\u00e4.<\/p>\n\n\n\n<p><strong>16 \u00a7 Seuran hallinto<\/strong><\/p>\n\n\n\n<p>Seuran toimintaa ja taloutta hoitaa johtokunta, johon kuuluu kahdeksi toimintavuodeksi valittu puheenjohtaja, ja yhdeksi toimintavuodeksi valitut 4-6 j\u00e4sent\u00e4.<\/p>\n\n\n\n<p>Johtokuntaan valitaan sek\u00e4 miehi\u00e4 ett\u00e4 naisia, ellei erityisi\u00e4 syit\u00e4 ole.<\/p>\n\n\n\n<p>Johtokunta valitsee keskuudestaan varapuheenjohtajan. Johtokunta valitsee lis\u00e4ksi sihteerin, rahastonhoitajan ja muut tarvittavat toimihenkil\u00f6t, jotka voidaan valita my\u00f6s johtokunnan ulkopuolelta.<\/p>\n\n\n\n<p>Johtokunta kokoontuu puheenjohtajan tai h\u00e4nen ollessaan estynyt varapuheenjohtajan kutsusta, kun he katsovat sen tarpeelliseksi tai kun puolet johtokunnan j\u00e4senist\u00e4 kirjallisesti sit\u00e4 vaatii.<\/p>\n\n\n\n<p>Johtokunta on p\u00e4\u00e4t\u00f6svaltainen, kun puheenjohtaja tai h\u00e4nen estyneen\u00e4 ollessaan varapuheenjohtaja ja h\u00e4nen lis\u00e4kseen v\u00e4hint\u00e4\u00e4n puolet sen j\u00e4senist\u00e4 on saapuvilla.<\/p>\n\n\n\n<p>Johtokunnan teht\u00e4v\u00e4n\u00e4 on erityisesti<\/p>\n\n\n\n<p>1 Toteuttaa seuran kokouksen p\u00e4\u00e4t\u00f6kset<\/p>\n\n\n\n<p>2 Johtaa ja kehitt\u00e4\u00e4 seuran toimintaa<\/p>\n\n\n\n<p>3 Valita tarvittavat jaostot, toimikunnat ja ty\u00f6ryhm\u00e4t sek\u00e4 tarvittaessa valita niiden puheenjohtajat<\/p>\n\n\n\n<p>4 Kutsua koolle ja valmistella seuran kokous<\/p>\n\n\n\n<p>5 Vastata seuran taloudesta<\/p>\n\n\n\n<p>6 Pit\u00e4\u00e4 j\u00e4senluetteloa<\/p>\n\n\n\n<p>7 Tehd\u00e4 seuran tilinp\u00e4\u00e4t\u00f6s ja vuosikertomus<\/p>\n\n\n\n<p>8 Tehd\u00e4 toiminta- ja taloussuunnitelma seuraavaa toimintavuotta varten<\/p>\n\n\n\n<p>9 Hoitaa seuran tiedotustoimintaa<\/p>\n\n\n\n<p>10 Hyv\u00e4ksy\u00e4 ja erottaa j\u00e4senet sek\u00e4 p\u00e4\u00e4tt\u00e4\u00e4 j\u00e4seni\u00e4 koskevista kurinpitotoimista<\/p>\n\n\n\n<p>11 Valita ja erottaa seuran palkatut toimihenkil\u00f6t sek\u00e4 sopia heid\u00e4n eduistaan<\/p>\n\n\n\n<p>12 P\u00e4\u00e4tt\u00e4\u00e4 seuran ansiomerkkien my\u00f6nt\u00e4misest\u00e4 ja muiden kunnia- ja ansiomerkkien esitt\u00e4misest\u00e4<\/p>\n\n\n\n<p>13 Ryhty\u00e4 muihin toimenpiteisiin, joita seuran etu vaatii<\/p>\n\n\n\n<p>14 Luovuttaa tilit tilintarkastajille tai toiminnantarkastajalle tarkastettavaksi v\u00e4hint\u00e4\u00e4n kuukautta ennen kev\u00e4tkokousta.<\/p>\n\n\n\n<p><strong>17 \u00a7 Tilivuosi<\/strong><\/p>\n\n\n\n<p>Seuran toiminta- ja tilivuosi on kalenterivuosi.<\/p>\n\n\n\n<p><strong>18 \u00a7 Nimenkirjoittajat<\/strong><\/p>\n\n\n\n<p>Seuran nimen kirjoittavat puheenjohtaja tai varapuheenjohtaja jompikumpi yhdess\u00e4 sihteerin tai jonkun muun johtokunnan m\u00e4\u00e4r\u00e4\u00e4m\u00e4n johtokunnan j\u00e4senen tai toimihenkil\u00f6n kanssa. Nimenkirjoittajien on oltava t\u00e4ysi-ik\u00e4isi\u00e4.<\/p>\n\n\n\n<p><strong>19 \u00a7 Jaostot ja joukkueet<\/strong><\/p>\n\n\n\n<p>Seuran jaostot tai joukkueet voivat p\u00e4\u00e4tt\u00e4\u00e4 sis\u00e4isest\u00e4 toiminnastaan kuitenkin siten, ett\u00e4 seuran johtokunta vahvistaa niiden tekem\u00e4t oikeustoimet.<\/p>\n\n\n\n<p>Seuran ja sen jaostojen tai joukkueiden taloushallinnosta p\u00e4\u00e4tt\u00e4\u00e4 johtokunta. Jaoston, joukkueen ja seuran toiminnassa mukana olevien yhdistyksen nimiss\u00e4 ker\u00e4\u00e4m\u00e4t varat ovat l\u00e4ht\u00f6kohtaisesti yhdistyksen varoja. Johtokunta p\u00e4\u00e4tt\u00e4\u00e4 n\u00e4iden varojen k\u00e4yt\u00f6st\u00e4.<\/p>\n\n\n\n<p><strong>20 \u00a7 S\u00e4\u00e4nt\u00f6jen muuttaminen<\/strong><\/p>\n\n\n\n<p>N\u00e4iden s\u00e4\u00e4nt\u00f6jen muuttamisesta p\u00e4\u00e4tt\u00e4\u00e4 seuran kokous v\u00e4hint\u00e4\u00e4n kolmen nelj\u00e4sosan enemmist\u00f6ll\u00e4 annetuista \u00e4\u00e4nist\u00e4. Kokouskutsussa on mainittava s\u00e4\u00e4nt\u00f6jen muuttamisesta.<\/p>\n\n\n\n<p><strong>21 \u00a7 Seuran purkaminen<\/strong><\/p>\n\n\n\n<p>Seuran purkamisesta p\u00e4\u00e4tt\u00e4\u00e4 seuran kokous v\u00e4hint\u00e4\u00e4n kolmen nelj\u00e4sosan enemmist\u00f6ll\u00e4 annetuista \u00e4\u00e4nist\u00e4. Kokouskutsussa on mainittava erikseen seuran purkamisesta.<\/p>\n\n\n\n<p><strong>22 \u00a7 Seuran varojen luovuttaminen<\/strong><\/p>\n\n\n\n<p>Jos seura on p\u00e4\u00e4tetty purkaa, sen varat on luovutettava johonkin seuran toiminta-alueen liikuntakasvatusta edist\u00e4v\u00e4\u00e4n tarkoitukseen purkamisesta p\u00e4\u00e4tt\u00e4neen kokouksen p\u00e4\u00e4t\u00f6ksen mukaisesti. Pes\u00e4nselvitysmiehin\u00e4 toimivat kokouksen valitsemat henkil\u00f6t.<\/p>\n\n\n\n<p>Seuran purkamisesta on ilmoitettava yhdistysrekisteriin.<\/p>\n\n\n\n<p><strong>23 \u00a7 Saavutetut j\u00e4senoikeudet<\/strong><\/p>\n\n\n\n<p>Saavutetut j\u00e4senoikeudet s\u00e4ilyv\u00e4t.<\/p>\n<\/div>\n<\/div><\/div>\n\n\n\n<p><\/p>\n","protected":false},"excerpt":{"rendered":"","protected":false},"author":4,"featured_media":0,"parent":0,"menu_order":0,"comment_status":"closed","ping_status":"closed","template":"","meta":[],"_links":{"self":[{"href":"http:\/\/www.tampereenjudo.net\/vanha\/wp-json\/wp\/v2\/pages\/222"}],"collection":[{"href":"http:\/\/www.tampereenjudo.net\/vanha\/wp-json\/wp\/v2\/pages"}],"about":[{"href":"http:\/\/www.tampereenjudo.net\/vanha\/wp-json\/wp\/v2\/types\/page"}],"author":[{"embeddable":true,"href":"http:\/\/www.tampereenjudo.net\/vanha\/wp-json\/wp\/v2\/users\/4"}],"replies":[{"embeddable":true,"href":"http:\/\/www.tampereenjudo.net\/vanha\/wp-json\/wp\/v2\/comments?post=222"}],"version-history":[{"count":6,"href":"http:\/\/www.tampereenjudo.net\/vanha\/wp-json\/wp\/v2\/pages\/222\/revisions"}],"predecessor-version":[{"id":1189,"href":"http:\/\/www.tampereenjudo.net\/vanha\/wp-json\/wp\/v2\/pages\/222\/revisions\/1189"}],"wp:attachment":[{"href":"http:\/\/www.tampereenjudo.net\/vanha\/wp-json\/wp\/v2\/media?parent=222"}],"curies":[{"name":"wp","href":"https:\/\/api.w.org\/{rel}","templated":true}]}}