{"id":261,"date":"2021-01-31T20:18:29","date_gmt":"2021-01-31T20:18:29","guid":{"rendered":"http:\/\/77.240.19.21\/~tamperee\/?page_id=261"},"modified":"2023-01-06T22:16:41","modified_gmt":"2023-01-06T20:16:41","slug":"aloita-judo","status":"publish","type":"page","link":"http:\/\/www.tampereenjudo.net\/vanha\/aloita-judo\/","title":{"rendered":"Aloita Judo"},"content":{"rendered":"\n<p><strong>Judo sopii kaikille &#8211; isoille, pienille, nuorille ja vanhoille!<\/strong><\/p>\n\n\n\n<iframe loading=\"lazy\" src=\"https:\/\/www.youtube.com\/embed\/GZy6-ZgMk0M\" title=\"YouTube video player\" allow=\"accelerometer; autoplay; clipboard-write; encrypted-media; gyroscope; picture-in-picture\" allowfullscreen=\"\" width=\"560\" height=\"315\" frameborder=\"0\"><\/iframe>\n\n\n\n<p id=\"block-52b31abd-de3f-4948-94ee-584cc40ab332\">Judossa kehittyv\u00e4t voima, nopeus, kest\u00e4vyys, tasapaino ja ketteryys. Samalla saa taidot hy\u00f6dynt\u00e4\u00e4 n\u00e4it\u00e4 kamppailussa. Judo on erinomainen oheislaji muiden lajien harrastajille! Lajin pariin p\u00e4\u00e4set helpoiten ik\u00e4\u00e4si vastaavan peruskurssin kautta (muksut, juniorit, aikuiset ja sovellettu judo). Peruskurssit j\u00e4rjestet\u00e4\u00e4n kev\u00e4t- ja syyskaudella. <strong>Kev\u00e4tkauden 2023 peruskurssit alkavat lajitutustumisilla tammikuun puoliv\u00e4liss\u00e4 viikolla 3<\/strong>.<\/p>\n\n\n\n<p id=\"block-723016ad-ae43-4c06-9023-5c7513dbce1b\"><a href=\"https:\/\/docs.google.com\/forms\/d\/e\/1FAIpQLScsreqvJA4yJzHnaMCMnWC_-xZvV1DRSTABAGQ8D4VWg7dwPw\/viewform\" target=\"_blank\" rel=\"noreferrer noopener\">T\u00e4yt\u00e4 t\u00e4m\u00e4 peruskurssilaisen \/ tatamipalaajan yhteystietolomake!<\/a><\/p>\n\n\n\n<div class=\"wp-block-image\"><figure class=\"aligncenter size-medium\"><img loading=\"lazy\" width=\"300\" height=\"241\" src=\"http:\/\/www.tampereenjudo.net\/vanha\/wp-content\/uploads\/2022\/08\/heittoliike_keltavyo_kuvaaja-Taina-Saha-300x241.jpg\" alt=\"\" class=\"wp-image-1270\" srcset=\"http:\/\/www.tampereenjudo.net\/vanha\/wp-content\/uploads\/2022\/08\/heittoliike_keltavyo_kuvaaja-Taina-Saha-300x241.jpg 300w, http:\/\/www.tampereenjudo.net\/vanha\/wp-content\/uploads\/2022\/08\/heittoliike_keltavyo_kuvaaja-Taina-Saha-150x120.jpg 150w, http:\/\/www.tampereenjudo.net\/vanha\/wp-content\/uploads\/2022\/08\/heittoliike_keltavyo_kuvaaja-Taina-Saha-768x616.jpg 768w, http:\/\/www.tampereenjudo.net\/vanha\/wp-content\/uploads\/2022\/08\/heittoliike_keltavyo_kuvaaja-Taina-Saha-83x67.jpg 83w, http:\/\/www.tampereenjudo.net\/vanha\/wp-content\/uploads\/2022\/08\/heittoliike_keltavyo_kuvaaja-Taina-Saha.jpg 800w\" sizes=\"(max-width: 300px) 100vw, 300px\" \/><\/figure><\/div>\n\n\n\n<p id=\"block-cfa38705-cd00-43e5-a049-98ed415517f2\">Kaikki peruskurssimaksut maksetaan&nbsp;<a rel=\"noreferrer noopener\" href=\"https:\/\/info.suomisport.fi\/\" target=\"_blank\">SuomiSportin<\/a>&nbsp;kautta (suomalaisille urheiluseuroille tehty palvelu). Saat SuomiSport-ohjeet peruskurssin alussa, mutta voit jo nyt tehd\u00e4 SuomiSport-tunnukset itsellesi tai huollettavalle  ja liitty\u00e4 valittuun peruskurssiryhm\u00e4\u00e4n (linkit ovat alla). Kurssimaksut sis\u00e4lt\u00e4v\u00e4t peruskurssin harjoitukset, seuran j\u00e4senmaksun, judovakuutuksen, vy\u00f6koemaksun ja judopassin. <\/p>\n\n\n\n<p id=\"block-cfa38705-cd00-43e5-a049-98ed415517f2\">Viikolla 3\/2023 kaikissa peruskurssiryhmiss\u00e4 pidet\u00e4\u00e4n tutustumiskerrat. Tutustumiskerralle voit tulla ilmoittautumatta. Varsinainen peruskurssi alkaa viikolla 4\/2023, jolloin sinun tulee ilmoittautua ryhmiin. Peruskurssin j\u00e4lkeen samalla maksulla voi osallistua my\u00f6s loppukauden jatkoryhmien harjoituksiin. Peruskurssit alkavat seuraavasti:<\/p>\n\n\n\n<ul id=\"block-058c8267-2665-4ff5-aec4-3d0c991ea77d\"><li><a rel=\"noreferrer noopener\" href=\"https:\/\/seurat.suomisport.fi\/invite\/8b859ba7-b78a-403e-af91-6e2a704b2e5f\" target=\"_blank\"><strong>Muksukurssi N\u00e4\u00e4shalli <\/strong>tutustumiskerta ke 18.1. klo 17:30-18:30 (budo 4)<\/a><\/li><li><a rel=\"noreferrer noopener\" href=\"https:\/\/seurat.suomisport.fi\/invite\/e7031c89-379a-43fd-8a10-1ff20499f248\" target=\"_blank\"><strong>Juniorien peruskurssi <\/strong>tutustumiskerta ke 18.1. klo 17:00-18:30 (budo 4)<\/a><\/li><li><a rel=\"noreferrer noopener\" href=\"https:\/\/seurat.suomisport.fi\/invite\/2094a235-d17c-43bd-901d-a63d1d05de09\" target=\"_blank\"><strong>Aikuisten peruskurssi<\/strong> tutustumiskerta ti 17.1. klo 18:30-20:00 (budo 4)<\/a><\/li><\/ul>\n\n\n\n<div class=\"wp-block-image\"><figure class=\"aligncenter size-medium\"><img loading=\"lazy\" width=\"300\" height=\"218\" src=\"http:\/\/www.tampereenjudo.net\/vanha\/wp-content\/uploads\/2022\/08\/ovari_lapset1-300x218.jpg\" alt=\"\" class=\"wp-image-1272\" srcset=\"http:\/\/www.tampereenjudo.net\/vanha\/wp-content\/uploads\/2022\/08\/ovari_lapset1-300x218.jpg 300w, http:\/\/www.tampereenjudo.net\/vanha\/wp-content\/uploads\/2022\/08\/ovari_lapset1-1024x744.jpg 1024w, http:\/\/www.tampereenjudo.net\/vanha\/wp-content\/uploads\/2022\/08\/ovari_lapset1-150x109.jpg 150w, http:\/\/www.tampereenjudo.net\/vanha\/wp-content\/uploads\/2022\/08\/ovari_lapset1-768x558.jpg 768w, http:\/\/www.tampereenjudo.net\/vanha\/wp-content\/uploads\/2022\/08\/ovari_lapset1-1536x1116.jpg 1536w, http:\/\/www.tampereenjudo.net\/vanha\/wp-content\/uploads\/2022\/08\/ovari_lapset1-2048x1489.jpg 2048w, http:\/\/www.tampereenjudo.net\/vanha\/wp-content\/uploads\/2022\/08\/ovari_lapset1-87x63.jpg 87w\" sizes=\"(max-width: 300px) 100vw, 300px\" \/><\/figure><\/div>\n\n\n\n<p>Peruskurssimaksut ovat:<\/p>\n\n\n\n<ul id=\"block-071110ae-e647-4591-8484-a9057cf972ec\"><li>Aikuiset (yli 15 vuotiaat) 250\u20ac<\/li><li>Juniorit (7-15 vuotiaat) 250\u20ac<\/li><li>Muksut (alle 7 vuotiaat) 200\u20ac<\/li><\/ul>\n\n\n\n<p id=\"block-2e4938df-fde6-46cd-84b5-53645e5d9cbb\">Judopuvun hankinnasta saat lis\u00e4tietoa ensimm\u00e4isiss\u00e4 harjoituksissa. Seuran kautta voit ostaa uuden puvun (40\u20ac) tai k\u00e4ytetyn puvun (10\u20ac), mutta k\u00e4ytetyiss\u00e4 kokoja on vain rajoitetusti.<\/p>\n\n\n\n<p id=\"block-2a437e9c-e18c-4497-aeb5-474c693ca8a7\">Tervetuloa monipuolisen harrastuksen pariin kamppailijan tielle!<\/p>\n\n\n\n<iframe loading=\"lazy\" width=\"560\" height=\"315\" src=\"https:\/\/www.youtube.com\/embed\/r4UScEULX10\" title=\"YouTube video player\" frameborder=\"0\" allow=\"accelerometer; autoplay; clipboard-write; encrypted-media; gyroscope; picture-in-picture\" allowfullscreen=\"\"><\/iframe>\n\n\n\n<p><\/p>\n","protected":false},"excerpt":{"rendered":"<p>Judo sopii kaikille &#8211; isoille, pienille, nuorille ja vanhoille! Judossa kehittyv\u00e4t voima, nopeus, kest\u00e4vyys, tasapaino ja ketteryys. Samalla saa taidot hy\u00f6dynt\u00e4\u00e4 n\u00e4it\u00e4 kamppailussa. Judo on erinomainen oheislaji muiden lajien harrastajille! Lajin pariin p\u00e4\u00e4set helpoiten ik\u00e4\u00e4si vastaavan peruskurssin kautta (muksut, juniorit, aikuiset ja sovellettu judo). Peruskurssit j\u00e4rjestet\u00e4\u00e4n kev\u00e4t- ja syyskaudella. Kev\u00e4tkauden&#8230;<\/p>\n","protected":false},"author":4,"featured_media":0,"parent":0,"menu_order":0,"comment_status":"closed","ping_status":"closed","template":"","meta":[],"_links":{"self":[{"href":"http:\/\/www.tampereenjudo.net\/vanha\/wp-json\/wp\/v2\/pages\/261"}],"collection":[{"href":"http:\/\/www.tampereenjudo.net\/vanha\/wp-json\/wp\/v2\/pages"}],"about":[{"href":"http:\/\/www.tampereenjudo.net\/vanha\/wp-json\/wp\/v2\/types\/page"}],"author":[{"embeddable":true,"href":"http:\/\/www.tampereenjudo.net\/vanha\/wp-json\/wp\/v2\/users\/4"}],"replies":[{"embeddable":true,"href":"http:\/\/www.tampereenjudo.net\/vanha\/wp-json\/wp\/v2\/comments?post=261"}],"version-history":[{"count":31,"href":"http:\/\/www.tampereenjudo.net\/vanha\/wp-json\/wp\/v2\/pages\/261\/revisions"}],"predecessor-version":[{"id":1497,"href":"http:\/\/www.tampereenjudo.net\/vanha\/wp-json\/wp\/v2\/pages\/261\/revisions\/1497"}],"wp:attachment":[{"href":"http:\/\/www.tampereenjudo.net\/vanha\/wp-json\/wp\/v2\/media?parent=261"}],"curies":[{"name":"wp","href":"https:\/\/api.w.org\/{rel}","templated":true}]}}